{"id":2,"date":"2021-06-30T09:25:21","date_gmt":"2021-06-30T07:25:21","guid":{"rendered":"http:\/\/palivko.sk\/?page_id=2"},"modified":"2023-05-25T23:15:21","modified_gmt":"2023-05-25T21:15:21","slug":"palivove-drevo-kosice","status":"publish","type":"page","link":"https:\/\/palivko.sk\/","title":{"rendered":"Na\u0161e Produkty"},"content":{"rendered":"\n<div class=\"wp-block-media-text alignwide has-media-on-the-right is-stacked-on-mobile\"><figure class=\"wp-block-media-text__media\"><img loading=\"lazy\" width=\"1024\" height=\"576\" src=\"https:\/\/palivko.sk\/wp-content\/uploads\/2023\/05\/Untitled-1024x576.png\" alt=\"\" class=\"wp-image-188 size-full\" srcset=\"https:\/\/palivko.sk\/wp-content\/uploads\/2023\/05\/Untitled-1024x576.png 1024w, https:\/\/palivko.sk\/wp-content\/uploads\/2023\/05\/Untitled-300x169.png 300w, https:\/\/palivko.sk\/wp-content\/uploads\/2023\/05\/Untitled-768x432.png 768w, https:\/\/palivko.sk\/wp-content\/uploads\/2023\/05\/Untitled-1536x864.png 1536w, https:\/\/palivko.sk\/wp-content\/uploads\/2023\/05\/Untitled.png 1920w\" sizes=\"(max-width: 1024px) 100vw, 1024px\" \/><\/figure><div class=\"wp-block-media-text__content\">\n<p class=\"has-text-align-center has-large-font-size\"><strong>Palivov\u00e9 drevo peletky<\/strong><\/p>\n\n\n\n<p class=\"has-text-align-center\">(dub, buk, hrab)<\/p>\n\n\n\n<p class=\"has-text-align-center\"><\/p>\n<\/div><\/div>\n\n\n\n<div class=\"wp-block-media-text alignwide is-stacked-on-mobile\"><figure class=\"wp-block-media-text__media\"><img loading=\"lazy\" width=\"554\" height=\"559\" src=\"http:\/\/palivko.sk\/wp-content\/uploads\/2023\/05\/Palivko-palivove-drevo-brikety.png\" alt=\"\" class=\"wp-image-184 size-full\" srcset=\"https:\/\/palivko.sk\/wp-content\/uploads\/2023\/05\/Palivko-palivove-drevo-brikety.png 554w, https:\/\/palivko.sk\/wp-content\/uploads\/2023\/05\/Palivko-palivove-drevo-brikety-297x300.png 297w, https:\/\/palivko.sk\/wp-content\/uploads\/2023\/05\/Palivko-palivove-drevo-brikety-150x150.png 150w\" sizes=\"(max-width: 554px) 100vw, 554px\" \/><\/figure><div class=\"wp-block-media-text__content\">\n<h2 class=\"has-text-align-center\"><strong>Palivov\u00e9 drevo brikety<\/strong><\/h2>\n\n\n\n<p class=\"has-text-align-center\">(dub, buk, hrab)<\/p>\n\n\n\n<p class=\"has-text-align-center\"><\/p>\n<\/div><\/div>\n\n\n\n<div class=\"wp-block-media-text alignwide has-media-on-the-right is-stacked-on-mobile\"><figure class=\"wp-block-media-text__media\"><img loading=\"lazy\" width=\"613\" height=\"460\" src=\"http:\/\/palivko.sk\/wp-content\/uploads\/2022\/02\/paleta-2.png\" alt=\"\" class=\"wp-image-113 size-full\" srcset=\"https:\/\/palivko.sk\/wp-content\/uploads\/2022\/02\/paleta-2.png 613w, https:\/\/palivko.sk\/wp-content\/uploads\/2022\/02\/paleta-2-300x225.png 300w\" sizes=\"(max-width: 613px) 100vw, 613px\" \/><\/figure><div class=\"wp-block-media-text__content\">\n<p class=\"has-text-align-center has-large-font-size\"><strong>Palivov\u00e9 drevo \u0161tiepan\u00e9 balen\u00e9<\/strong><\/p>\n\n\n\n<p class=\"has-text-align-center\">(dub, buk, hrab)<\/p>\n\n\n\n<p class=\"has-text-align-center\"><\/p>\n<\/div><\/div>\n\n\n\n<div class=\"wp-block-media-text alignwide is-stacked-on-mobile\"><figure class=\"wp-block-media-text__media\"><img loading=\"lazy\" width=\"1024\" height=\"768\" src=\"http:\/\/palivko.sk\/wp-content\/uploads\/2022\/03\/stiepane_drevo-1024x768.png\" alt=\"\" class=\"wp-image-177 size-full\" srcset=\"https:\/\/palivko.sk\/wp-content\/uploads\/2022\/03\/stiepane_drevo-1024x768.png 1024w, https:\/\/palivko.sk\/wp-content\/uploads\/2022\/03\/stiepane_drevo-300x225.png 300w, https:\/\/palivko.sk\/wp-content\/uploads\/2022\/03\/stiepane_drevo-768x576.png 768w, https:\/\/palivko.sk\/wp-content\/uploads\/2022\/03\/stiepane_drevo-1536x1152.png 1536w, https:\/\/palivko.sk\/wp-content\/uploads\/2022\/03\/stiepane_drevo-2048x1536.png 2048w\" sizes=\"(max-width: 1024px) 100vw, 1024px\" \/><\/figure><div class=\"wp-block-media-text__content\">\n<h2 class=\"has-text-align-center\">Palivov\u00e9 drevo \u0161tiepan\u00e9 vo\u013ene sypan\u00e9<\/h2>\n\n\n\n<p class=\"has-text-align-center\">(dub, buk, hrab )<\/p>\n\n\n\n<p class=\"has-text-align-center\"><\/p>\n<\/div><\/div>\n\n\n\n<div class=\"wp-block-media-text alignwide has-media-on-the-right is-stacked-on-mobile\"><figure class=\"wp-block-media-text__media\"><img loading=\"lazy\" width=\"1000\" height=\"1000\" src=\"http:\/\/palivko.sk\/wp-content\/uploads\/2022\/02\/paleta.png\" alt=\"\" class=\"wp-image-112 size-full\" srcset=\"https:\/\/palivko.sk\/wp-content\/uploads\/2022\/02\/paleta.png 1000w, https:\/\/palivko.sk\/wp-content\/uploads\/2022\/02\/paleta-300x300.png 300w, https:\/\/palivko.sk\/wp-content\/uploads\/2022\/02\/paleta-150x150.png 150w, https:\/\/palivko.sk\/wp-content\/uploads\/2022\/02\/paleta-768x768.png 768w\" sizes=\"(max-width: 1000px) 100vw, 1000px\" \/><\/figure><div class=\"wp-block-media-text__content\">\n<p class=\"has-text-align-center has-large-font-size\"><strong>Palivov\u00e9 drevo \u0161tiepan\u00e9 balen\u00e9<\/strong><\/p>\n\n\n\n<p class=\"has-text-align-center\">(dub, buk, hrab )<\/p>\n\n\n\n<p class=\"has-text-align-center\"><\/p>\n<\/div><\/div>\n\n\n\n<div class=\"wp-block-media-text alignwide is-stacked-on-mobile\"><figure class=\"wp-block-media-text__media\"><img loading=\"lazy\" width=\"800\" height=\"760\" src=\"http:\/\/palivko.sk\/wp-content\/uploads\/2022\/03\/drevo-1.png\" alt=\"\" class=\"wp-image-175 size-full\" srcset=\"https:\/\/palivko.sk\/wp-content\/uploads\/2022\/03\/drevo-1.png 800w, https:\/\/palivko.sk\/wp-content\/uploads\/2022\/03\/drevo-1-300x285.png 300w, https:\/\/palivko.sk\/wp-content\/uploads\/2022\/03\/drevo-1-768x730.png 768w\" sizes=\"(max-width: 800px) 100vw, 800px\" \/><\/figure><div class=\"wp-block-media-text__content\">\n<h2 class=\"has-text-align-center\"><strong>Palivov\u00e9 drevo \u0161tiepan\u00e9 balen\u00e9<\/strong><\/h2>\n\n\n\n<p class=\"has-text-align-center\">(dub, buk, hrab)<\/p>\n\n\n\n<p class=\"has-text-align-center\"><\/p>\n<\/div><\/div>\n\n\n\n<div class=\"wp-block-media-text alignwide has-media-on-the-right is-stacked-on-mobile\"><figure class=\"wp-block-media-text__media\"><img loading=\"lazy\" width=\"466\" height=\"578\" src=\"http:\/\/palivko.sk\/wp-content\/uploads\/2022\/03\/paleta-velka-1.png\" alt=\"\" class=\"wp-image-173 size-full\" srcset=\"https:\/\/palivko.sk\/wp-content\/uploads\/2022\/03\/paleta-velka-1.png 466w, https:\/\/palivko.sk\/wp-content\/uploads\/2022\/03\/paleta-velka-1-242x300.png 242w\" sizes=\"(max-width: 466px) 100vw, 466px\" \/><\/figure><div class=\"wp-block-media-text__content\">\n<p class=\"has-text-align-center has-large-font-size\"><strong>Palivov\u00e9 drevo \u0161tiepan\u00e9 balen\u00e9<\/strong><\/p>\n\n\n\n<p class=\"has-text-align-center\">(dub, buk, hrab)<\/p>\n\n\n\n<p class=\"has-text-align-center\"><\/p>\n<\/div><\/div>\n\n\n\n<p><\/p>\n\n\n\n<h2 class=\"has-text-align-center\">Kontakt : <\/h2>\n\n\n\n<h2 class=\"has-text-align-center\"> tel. \u010d\u00edslo : 0907 656 333<\/h2>\n\n\n\n<h2 class=\"has-text-align-center\">e-mail : palivko@palivko.sk<\/h2>\n\n\n\n<p><\/p>\n","protected":false},"excerpt":{"rendered":"<p>Palivov\u00e9 drevo peletky (dub, buk, hrab) Palivov\u00e9 drevo brikety (dub, buk, hrab) Palivov\u00e9 drevo \u0161tiepan\u00e9 balen\u00e9 (dub, buk, hrab) Palivov\u00e9 drevo \u0161tiepan\u00e9 vo\u013ene sypan\u00e9 (dub, buk, hrab ) Palivov\u00e9 drevo \u0161tiepan\u00e9 balen\u00e9 (dub, buk, hrab ) Palivov\u00e9 drevo \u0161tiepan\u00e9 balen\u00e9 (dub, buk, hrab) Palivov\u00e9 drevo \u0161tiepan\u00e9 balen\u00e9 (dub, buk, hrab) Kontakt : tel. \u010d\u00edslo :&hellip;&nbsp;<a href=\"https:\/\/palivko.sk\/\" class=\"\" rel=\"bookmark\">\u010c\u00edta\u0165 viac &raquo;<span class=\"screen-reader-text\">Na\u0161e Produkty<\/span><\/a><\/p>\n","protected":false},"author":1,"featured_media":0,"parent":0,"menu_order":0,"comment_status":"closed","ping_status":"open","template":"","meta":{"_monsterinsights_skip_tracking":false,"_monsterinsights_sitenote_active":false,"_monsterinsights_sitenote_note":"","_monsterinsights_sitenote_category":0,"neve_meta_sidebar":"","neve_meta_container":"","neve_meta_enable_content_width":"","neve_meta_content_width":0,"neve_meta_title_alignment":"","neve_meta_author_avatar":"","neve_post_elements_order":"","neve_meta_disable_header":"","neve_meta_disable_footer":"","neve_meta_disable_title":""},"yoast_head":"<!-- This site is optimized with the Yoast SEO plugin v16.6 - https:\/\/yoast.com\/wordpress\/plugins\/seo\/ -->\n<title>palivov\u00e9 drevo ko\u0161ice - palivko.sk<\/title>\n<meta name=\"robots\" content=\"index, follow, max-snippet:-1, max-image-preview:large, max-video-preview:-1\" \/>\n<link rel=\"canonical\" href=\"https:\/\/palivko.sk\/\" \/>\n<meta property=\"og:locale\" content=\"sk_SK\" \/>\n<meta property=\"og:type\" content=\"article\" \/>\n<meta property=\"og:title\" content=\"palivov\u00e9 drevo ko\u0161ice - palivko.sk\" \/>\n<meta property=\"og:description\" content=\"Palivov\u00e9 drevo peletky (dub, buk, hrab) Palivov\u00e9 drevo brikety (dub, buk, hrab) Palivov\u00e9 drevo \u0161tiepan\u00e9 balen\u00e9 (dub, buk, hrab) Palivov\u00e9 drevo \u0161tiepan\u00e9 vo\u013ene sypan\u00e9 (dub, buk, hrab ) Palivov\u00e9 drevo \u0161tiepan\u00e9 balen\u00e9 (dub, buk, hrab ) Palivov\u00e9 drevo \u0161tiepan\u00e9 balen\u00e9 (dub, buk, hrab) Palivov\u00e9 drevo \u0161tiepan\u00e9 balen\u00e9 (dub, buk, hrab) Kontakt : tel. \u010d\u00edslo :&hellip;&nbsp;\u010c\u00edta\u0165 viac &raquo;Na\u0161e Produkty\" \/>\n<meta property=\"og:url\" content=\"https:\/\/palivko.sk\/\" \/>\n<meta property=\"og:site_name\" content=\"palivko.sk\" \/>\n<meta property=\"article:modified_time\" content=\"2023-05-25T21:15:21+00:00\" \/>\n<meta property=\"og:image\" content=\"https:\/\/palivko.sk\/wp-content\/uploads\/2023\/05\/Untitled-1024x576.png\" \/>\n<meta name=\"twitter:card\" content=\"summary_large_image\" \/>\n<meta name=\"twitter:label1\" content=\"Predpokladan\u00fd \u010das \u010d\u00edtania\" \/>\n\t<meta name=\"twitter:data1\" content=\"2 min\u00faty\" \/>\n<script type=\"application\/ld+json\" class=\"yoast-schema-graph\">{\"@context\":\"https:\/\/schema.org\",\"@graph\":[{\"@type\":\"WebSite\",\"@id\":\"http:\/\/palivko.sk\/#website\",\"url\":\"http:\/\/palivko.sk\/\",\"name\":\"palivko.sk\",\"description\":\"\",\"potentialAction\":[{\"@type\":\"SearchAction\",\"target\":{\"@type\":\"EntryPoint\",\"urlTemplate\":\"http:\/\/palivko.sk\/?s={search_term_string}\"},\"query-input\":\"required name=search_term_string\"}],\"inLanguage\":\"sk-SK\"},{\"@type\":\"ImageObject\",\"@id\":\"https:\/\/palivko.sk\/#primaryimage\",\"inLanguage\":\"sk-SK\",\"url\":\"https:\/\/palivko.sk\/wp-content\/uploads\/2023\/05\/Untitled.png\",\"contentUrl\":\"https:\/\/palivko.sk\/wp-content\/uploads\/2023\/05\/Untitled.png\",\"width\":1920,\"height\":1080},{\"@type\":\"WebPage\",\"@id\":\"https:\/\/palivko.sk\/#webpage\",\"url\":\"https:\/\/palivko.sk\/\",\"name\":\"palivov\\u00e9 drevo ko\\u0161ice - palivko.sk\",\"isPartOf\":{\"@id\":\"http:\/\/palivko.sk\/#website\"},\"primaryImageOfPage\":{\"@id\":\"https:\/\/palivko.sk\/#primaryimage\"},\"datePublished\":\"2021-06-30T07:25:21+00:00\",\"dateModified\":\"2023-05-25T21:15:21+00:00\",\"breadcrumb\":{\"@id\":\"https:\/\/palivko.sk\/#breadcrumb\"},\"inLanguage\":\"sk-SK\",\"potentialAction\":[{\"@type\":\"ReadAction\",\"target\":[\"https:\/\/palivko.sk\/\"]}]},{\"@type\":\"BreadcrumbList\",\"@id\":\"https:\/\/palivko.sk\/#breadcrumb\",\"itemListElement\":[{\"@type\":\"ListItem\",\"position\":1,\"name\":\"Home\",\"item\":\"https:\/\/palivko.sk\/\"},{\"@type\":\"ListItem\",\"position\":2,\"name\":\"Na\\u0161e Produkty\"}]}]}<\/script>\n<!-- \/ Yoast SEO plugin. -->","_links":{"self":[{"href":"https:\/\/palivko.sk\/index.php?rest_route=\/wp\/v2\/pages\/2"}],"collection":[{"href":"https:\/\/palivko.sk\/index.php?rest_route=\/wp\/v2\/pages"}],"about":[{"href":"https:\/\/palivko.sk\/index.php?rest_route=\/wp\/v2\/types\/page"}],"author":[{"embeddable":true,"href":"https:\/\/palivko.sk\/index.php?rest_route=\/wp\/v2\/users\/1"}],"replies":[{"embeddable":true,"href":"https:\/\/palivko.sk\/index.php?rest_route=%2Fwp%2Fv2%2Fcomments&post=2"}],"version-history":[{"count":5,"href":"https:\/\/palivko.sk\/index.php?rest_route=\/wp\/v2\/pages\/2\/revisions"}],"predecessor-version":[{"id":189,"href":"https:\/\/palivko.sk\/index.php?rest_route=\/wp\/v2\/pages\/2\/revisions\/189"}],"wp:attachment":[{"href":"https:\/\/palivko.sk\/index.php?rest_route=%2Fwp%2Fv2%2Fmedia&parent=2"}],"curies":[{"name":"wp","href":"https:\/\/api.w.org\/{rel}","templated":true}]}}